on factor of f and u?
16
Suppose 0 = -q, -4*j - 4*q - 32 = 324. Let i = 66 - j. Calculate the greatest common divisor of 62 and i.
31
Let y be (-3)/(-2)*8/6. Let w = y - 0. Let u(o) = 12*o**3 - 2*o**2 - 3*o + 3. Let m be u(w). Calculate the highest common divisor of m and 34.
17
Let b = -29 - -50. Let j be 2463/b - 2/7. Let m(r) = 4*r + 1. Let z be m(3). Calculate the highest common divisor of z and j.
13
Let u = 4 + -1. Suppose -m - 8 + 26 = -u*l, 0 = -2*m + 5*l + 34. Suppose -28*r = -27*r - m. What is the highest common factor of r and 18?
6
Suppose 0*h - 5*h - 7 = -l, -2*h = -4*l + 82. What is the highest common divisor of 242 and l?
22
Let x(v) = -2*v**3 - 19*v**2 + 10*v + 32. Let d be x(-11). What is the highest common divisor of d and 190?
95
Suppose 45*w - 49*w = 48. Let o(v) = v**2 + 10*v - 16. Let y be o(w). What is the highest common divisor of y and 12?
4
Suppose -2*s + l = -0*s - 31, 3*l + 23 = s. Suppose k + 19 = 3*c - s, -c = -5*k - 25. Let x be c/(-1*2/(-2)). What is the highest common divisor of 10 and x?
10
Suppose 5*w - 24 + 9 = 0. What is the highest common divisor of w and 12?
3
Let x(b) = 15*b - 483. Let h be x(35). What is the highest common divisor of h and 1414?
14
Suppose -u - 168 = -15*u. Let j be 1/(-2) + -5 + 78/u. Calculate the highest common factor of j and 3.
1
Let q be (-51)/68 + -13*(-1)/(-4). Let p be (-10)/4*(-111)/(-30)*q. What is the highest common divisor of 111 and p?
37
Let h be -4 - (-3 + -2 + -2). Suppose -2*z + z = -h. Calculate the highest common factor of z and 3.
3
Suppose -4*i + 0 = 4. Let w be i/4 + 27/12. Suppose -5*d - 10 = -4*q, w*d = -2 + 6. Calculate the highest common factor of q and 2.
1
Let m be (-7)/28*-32*1. What is the greatest common factor of 36 and m?
4
Suppose -1730 = 13*g - 6189. What is the greatest common factor of 7 and g?
7
Let r be (-54)/15*5/(-3). Calculate the highest common factor of 42 and r.
6
Let q(z) = 3*z**3 + 10*z**2 + 3*z - 4. Let f be q(-4). Let j be ((-6)/3)/((-3)/(-39)). Let n = j - f. What is the highest common divisor of n and 2?
2
Suppose -183*w - 38 + 2783 = 0. Suppose -2*a + 21 = -5*n, 4*a - 5*n - 18 = 3*a. Calculate the greatest common factor of w and a.
3
Suppose -5*i + 30 + 0 = 0. Suppose 1 = 7*k - 6. Let p be -12*(-11)/k*1/2. What is the highest common factor of p and i?
6
Let a = -78 + 77. Let c = a - -9. Let j(r) = r + 6. Let f be j(-5). What is the greatest common divisor of f and c?
1
Let y = 87 - 58. Let x be (-5 + y)*3/(-4). Let f = x - -38. What is the highest common divisor of 10 and f?
10
Suppose 25*q - 12399 = 27001. Calculate the greatest common factor of 16 and q.
8
Suppose -3*o = -2*d - 53, -2*o - 4*d = -o - 41. Suppose -x - 3*i = -91, -x - o = -5*i - 112. What is the greatest common factor of x and 7?
7
Suppose 8 = -l + 2*u, 5*u - 17 = 3*l + 5. Let a be ((-164)/20 + 3)/(l/10). Let h = 217 - 126. Calculate the greatest common factor of h and a.
13
Let b = -154 + 303. Let a = b - 79. What is the greatest common factor of a and 28?
14
Let d be 7*(-6)/(-9)*6. Calculate the highest common divisor of d and 119.
7
Let v be (-2275)/(-20) + 3/12. Let b be ((-17)/(-51))/(2/v). Let q = b + 37. What is the greatest common divisor of 8 and q?
8
Suppose 221*z = 216*z + 65. What is the greatest common divisor of 65 and z?
13
Let l(x) = x**3 - 8*x**2 + 8*x + 5. Let n be l(7). Let g(o) = -12 + 3*o + 2 + 3*o**2 - 2*o**2. Let k be g(7). Calculate the greatest common divisor of k and n.
12
Let u(g) = -g**3 + 30*g**2 - 3*g + 97. Let t be u(30). Calculate the greatest common divisor of t and 224.
7
Let n(v) = v + 21. Let y be n(-22). Let k be (y - (-2)/(-4))/((-4)/440). Calculate the greatest common factor of k and 55.
55
Let r = 117 + -37. Let g(c) = c - 1. Let b be g(5). Let q be 2/((-62)/16 + b). What is the greatest common factor of r and q?
16
Let y = -3 + 5. Suppose -2*z - q + 5*q = 24, 0 = 2*z + y*q - 6. Let v be (z - -1 - 7)/(-1). Calculate the highest common divisor of 56 and v.
8
Let k = -240 + 256. Calculate the greatest common factor of k and 848.
16
Let m(h) = h**2 + h + 1. Let w be m(-4). Let a(k) = 4*k**3 - 4*k**2 + 3*k. Let g be a(3). Let x = g - -62. Calculate the greatest common factor of w and x.
13
Let i(r) = -4*r**3 - 12*r**2 + 15*r - 12. Let d be i(-8). What is the greatest common divisor of d and 84?
28
Let b be 94 + 1 + 2/2. Let c = -72 + 72. Suppose -3*p + 47 + 25 = c. What is the highest common divisor of b and p?
24
Suppose -3*b = 30 + 39. Suppose -4*p + 5*l = -157, -4*p - 5*l = -6*l - 137. Let i = b + p. Calculate the greatest common factor of i and 10.
10
Let f = -6 - 0. Let g(k) = -2*k**2 + 8*k + 8. Let j be g(f). Let i be ((-576)/j)/(1/7). What is the greatest common factor of 72 and i?
36
Suppose 0 = 11*j - 6*j - 35. Suppose 2*p - 62 = -3*m, -2*m + j*p + 63 = 4*p. Calculate the highest common factor of m and 48.
24
Let k = -347 + 692. What is the highest common factor of 75 and k?
15
Suppose -5*f - 195 = -45. Let a be 204/10 - f/(-75). Let j(o) = o**3 - o**2 - 2*o. Let b be j(4). What is the greatest common factor of a and b?
20
Suppose v = 3*m - 4*m + 4, 2*v - 3*m - 8 = 0. Let k be (-1360)/(-15) - v/6. Let x = -28 - -37. What is the highest common divisor of x and k?
9
Let y = -1200 - -1348. Calculate the highest common divisor of 74 and y.
74
Let c(s) = -s**3 - 15*s**2 + 13*s - 41. Let q be c(-16). Calculate the greatest common divisor of q and 217.
7
Let p be (189/(-6))/(-9) + (-1)/2. Let u be 0 + (p + 32 - 2). What is the highest common divisor of 264 and u?
33
Let t(z) be the first derivative of z**3 - 2*z**2 + 5*z + 3. Let k be t(3). Calculate the greatest common factor of 5 and k.
5
Suppose 24*w = -6*w + 21780. Calculate the highest common divisor of 33 and w.
33
Suppose -3*m - 5 + 26 = 2*z, 3*z + m - 28 = 0. Calculate the greatest common divisor of z and 18.
9
Let r be (10/(-3))/((-35)/1764). Calculate the greatest common factor of r and 147.
21
Suppose 2944 = 175*f - 167*f. Calculate the greatest common divisor of 64 and f.
16
Let k = -110 + 210. Let u = k - 84. Calculate the greatest common factor of u and 1.
1
Let u = 264 + -443. Let i = 89 + u. Let s = i - -165. What is the highest common factor of 15 and s?
15
Let p = 708 + -664. What is the greatest common factor of p and 418?
22
Suppose 0 = 3*r - 2*l - 485, -6*r + 2*l + 167 = -5*r. What is the highest common factor of r and 530?
53
Let p = 16 + -11. Let d(x) = -4*x**3 - x - 1. Let b be d(-1). Let n = p + b. Calculate the highest common factor of n and 63.
9
Suppose 3*f - 5*z - 84 = -23, 4*f - 92 = -4*z. Calculate the greatest common divisor of f and 704.
22
Let k = -3 + 5. Suppose -3*j = k*a + 65, -a - 6 = 3*j + 64. Let v = -17 - j. Calculate the highest common factor of 88 and v.
8
Let r = -56 + 60. Suppose r*u = a - 10 - 5, 4*u = 16. Calculate the greatest common factor of a and 93.
31
Let i = 31 + -28. Suppose 11 = -j + 12. What is the highest common divisor of i and j?
1
Suppose -2184 = -271*x + 264*x. Calculate the highest common factor of x and 39.
39
Let t = -355 - -785. What is the highest common factor of 20 and t?
10
Let l be 2 - (3 + 1)/(-1). Let x be 3/l - (-234)/12. What is the greatest common factor of 4 and x?
4
Suppose 12*a - 129 - 87 = 0. Calculate the greatest common factor of a and 33.
3
Let l be ((-24)/15)/4*55. Let b = 35 + l. Let z(m) = 90*m + 1. Let x be z(1). What is the greatest common factor of x and b?
13
Suppose 5346 = 27*o - 9207. What is the greatest common divisor of 7 and o?
7
Suppose -74092 = -17*o - 11022. What is the highest common factor of 70 and o?
70
Suppose 0 = 4*y + z - 60, -3*y - 2*z = y - 64. What is the greatest common divisor of 448 and y?
14
Suppose -10*b + 199 = -151. Calculate the highest common divisor of b and 385.
35
Suppose 0 = -4*t + 13 + 3. Suppose 2*c - 10 = -3*c. Suppose 28 = c*p + t. What is the highest common factor of 132 and p?
12
Let w = -52 - -76. Calculate the greatest common factor of 168 and w.
24
Let m(f) = 20*f + 8. Let v be m(6). Suppose 76 = 5*l + 71. Let i be l + -1 + 12 - (-18 + 14). What is the highest common factor of v and i?
16
Let y be (-27)/(((-112)/231)/16). Calculate the highest common divisor of y and 11.
11
Suppose m = -17*m + 504. Calculate the greatest common factor of 1316 and m